 = 2 + 23. Suppose 4*h = x + 151, h - 2*h - 4*x = -r. Is h prime?
True
Suppose 0 = 4*i + 1 + 11. Is (-5992)/(-12) + 1/i prime?
True
Let j = -24 - -32. Let w = 14 - j. Is 2/4 - (-3315)/w a prime number?
False
Suppose -3*d - 2*m = 15, 0 = 3*d - d - 5*m + 10. Is (-1 + 1/3)*13605/d prime?
False
Let m(z) = 129*z**3 + 11*z**2 - 3*z - 27. Is m(5) a composite number?
True
Let s(j) = 4055*j**2 - 24*j + 45. Is s(2) composite?
False
Suppose 4328 = 49*w - 41*w. Is w a composite number?
False
Let s(r) = r**2 - r + 1. Let d(k) = -29*k**2 - 2*k - 4. Let b(a) = -d(a) - 2*s(a). Let m(y) = -3*y**3 - 2*y**2 + 2*y. Let l be m(1). Is b(l) prime?
True
Suppose 5*o + 5*h - 197695 = 0, 5*o - 89215 - 108444 = 4*h. Is o composite?
True
Let k(m) = -m**3 - 13*m**2 - 14*m - 14. Let y(i) = i**2 + 14*i + 10. Let s be y(-13). Let q(l) = 3*l - 3. Let c be q(s). Is k(c) composite?
True
Suppose 5*b + 19 = 9, 0 = -o - 2*b + 5091. Is o prime?
False
Let c be -23 - 2/(1 + 1). Let z = 26 + c. Is 21 + (z - 3) - 1 a composite number?
False
Let f = 1241 + -558. Suppose -2*m - 3*m - 2*q + 1115 = 0, 4*q = -3*m + f. Is m composite?
True
Let s(l) = -5*l**3 - 3*l**2 + 21*l - 11. Is s(-6) prime?
False
Let b(l) = -l**2 - 9*l + 2. Let g be b(-6). Let q be 10/g*(-6)/(-1). Let t(f) = 80*f - 3. Is t(q) prime?
False
Suppose 84688 = 16*m - 0*m. Is m a composite number?
True
Let k(r) = 1032*r**2 - 5*r + 11. Is k(4) a composite number?
True
Let z(x) = -7*x**3 + x**2 + x - 18. Is z(-5) a prime number?
True
Let r = 94 - 97. Is r/(-6)*17/(-1)*-122 prime?
False
Suppose 0 = 2*w + 16812 - 54350. Is w a composite number?
True
Suppose -3*t + w + 37835 = -2732, -2*t + 3*w + 27040 = 0. Is t prime?
True
Suppose 3*t + 664 = -2174. Let r = t + 1691. Is r composite?
True
Let x = 128 - 11. Let h = x - -94. Is h composite?
False
Suppose 0 = -3*w + 5 + 19. Is (388/w)/(1/6) a composite number?
True
Let k = -20 + -36. Let r = k - -80. Is 1/(-3) + 3440/r a prime number?
False
Let j be -6*(3 + (-328)/12). Let k = 75 + j. Is k a prime number?
False
Let g be 1*(-1)/2*0/(-18). Is (1 + -2 - g)*17878/(-14) composite?
False
Suppose 23*i + 7*i - 1014150 = 0. Is i a composite number?
True
Let u be (14 + 0)*(-234)/(-9). Suppose 5*q + u = 2*a, -5*q = -5*a + a + 738. Is a composite?
True
Suppose -2 + 26 = 3*t + 4*s, 2*s = -t + 8. Let x be 1 - 2 - (5 - t). Suppose 0*u = -4*u - 8, 0 = -x*l + 4*u + 262. Is l composite?
False
Suppose -4*d - 26 + 166 = 0. Is (-24597)/(-21) - 10/d composite?
False
Suppose 7*u = 12*u - 5. Suppose 3*g = -10 + u. Let n(c) = 11*c**2 + 7. Is n(g) a composite number?
True
Let u(b) be the third derivative of b**6/120 + b**5/15 - b**4/24 + b**3/2 + b**2. Suppose 0 = -o - 2*o - 12. Is u(o) composite?
False
Let z(b) = -14*b - 11. Let u be z(8). Let d be ((-10)/(-3))/((-2)/u). Suppose -d = -c + 174. Is c a prime number?
True
Let o(q) = -q**3 + 3*q**2 + 3. Let r be o(3). Let w(b) = -b - 7. Let x be w(-9). Suppose 4*v - 842 = -5*s + 601, x*v + r*s - 719 = 0. Is v a prime number?
True
Let w = 50670 + -35911. Is w composite?
False
Suppose 0 = -3*b + 4 + 2. Let s(v) = -v**b + 146*v**3 + 0*v**2 + 1 - 2 + 2*v. Is s(1) composite?
True
Let u(p) = -3*p + 12. Let q be u(6). Let o = q + 13. Is o a composite number?
False
Let m(w) = w**2 - w + 487. Let j be 0 + (-1)/((-1)/(-3)). Let f be 6 - (0 - j) - 3. Is m(f) prime?
True
Is ((-216)/52 - -4) + 11511/39 a prime number?
False
Suppose 0 = -4*o - 5*s + 31206, 4*s = -5*o - s + 39005. Is o a composite number?
True
Suppose 5*d - 6 = -3*b, 0*d + 4*d = b - 19. Let g(i) = 2*i**3 - 8*i**2 + i - 8. Is g(b) a composite number?
False
Suppose 171*n = 185*n - 42994. Is n prime?
False
Suppose 0 = -o + 3*l + 12, -2*o + 6 = o - 3*l. Let w(t) = -34*t**3 + 3*t - 2. Is w(o) a composite number?
False
Let z(n) = 72*n - 21. Let q be z(-7). Let c = -223 - q. Is c a composite number?
True
Suppose -4807 = -2*m - 0*m + 3*s, 2*m + s = 4827. Is m prime?
True
Let v(p) = 4467*p + 134. Is v(5) a prime number?
True
Suppose -p + 3*p = -1840. Suppose 8 = b + 26. Is p/(-72) + (-4)/b composite?
False
Is 59/118 + 47565/2 prime?
False
Suppose 6*c - 12*c + 26142 = 0. Is c a prime number?
True
Let d be -132 - (-1 - (-10)/5). Let o be (-458)/(-2) + (1 - 0). Let f = d + o. Is f a prime number?
True
Is -3 - -49237 - (19 + -14) prime?
False
Suppose i + 10 = -3*o, o = -i + 2*o + 6. Suppose -i*f = -856 + 270. Is f a composite number?
False
Suppose 4*y + 38116 = 2*k, -4*y + 0*y = 4*k - 76220. Suppose -k = -4*w - 2*f, w - 3*f - 4771 = -0*w. Is w a composite number?
True
Let h be (148/6)/(7/21). Suppose 122 + h = 7*v. Suppose -3*j = -4*k + 19 + 35, -v = -2*k + j. Is k prime?
False
Let h = 23 - 5. Let l = h - 34. Let f = 3 - l. Is f a prime number?
True
Let f be 325 + (7 - (-4)/(-1)). Let c be (-6 + 1)/(1 - 2). Suppose 867 = c*m - f. Is m a composite number?
False
Let l be (-12)/(-16)*32/12. Is ((-7)/l)/(14/(-1484)) prime?
False
Suppose -2*r - 6 = -5*r. Suppose w + r*w = 0. Suppose o - 2*o + 191 = w. Is o composite?
False
Let r(v) = 2*v**2 + 19*v + 8. Let k be r(-9). Let l(c) = 1187*c**2 - c + 1. Is l(k) a prime number?
False
Let b(j) = 18*j**2 - 17*j**2 + 144*j**2 + 66*j**2. Let t = 0 - 1. Is b(t) composite?
False
Suppose -3*f + 870324 = 3*u, 1160423 = 4*f + 13*u - 18*u. Is f a composite number?
False
Suppose -6*n + 6112 = 250. Is n a prime number?
True
Let q be 9530*(28/10 - 2). Suppose 11*d - 3*d = q. Is d composite?
False
Let l(n) = -n**3 - 12*n**2 + 26*n - 21. Let g be l(-13). Let o = -51 - g. Is o prime?
True
Suppose n = -2*n - 303. Let s be (n - -1) + (13 - 14). Let t = -42 - s. Is t prime?
True
Suppose 195763 = 4*x + 21943. Suppose -x = -v - 4*v. Is v composite?
True
Let d(z) = -z**3 + 3 + 5 - 6*z + 15*z + 7*z**2 - 18. Let v be d(8). Is 2/(-1) - v - -127 a composite number?
False
Suppose 4*k + 14 = -2*g, -5*k + g + g - 4 = 0. Let m(l) = 439*l**2 + 1. Is m(k) a prime number?
False
Let k(o) = 19*o**2 + 4*o - 10. Let m be k(5). Suppose -3*s = -2*s - m. Is s a composite number?
True
Let j(v) = 398*v**2 - 32*v + 7. Is j(6) composite?
False
Let y(k) be the second derivative of k**5/10 - k**4/4 - 2*k**3/3 - k**2/2 + 6*k. Let i be y(-3). Let z = 53 - i. Is z a prime number?
False
Let c(j) = j**2 - 16*j - 12. Let x = 25 - 8. Let w be c(x). Let d(b) = b + 1. Is d(w) prime?
False
Let o be 0/((9/(-3))/3). Suppose o = -0*z - 3*z + 2277. Suppose 57 = -2*a - 5*p + 464, 4*a - p - z = 0. Is a a prime number?
True
Let i = 29 + -27. Let j(u) = i*u**3 - u**3 - 2*u - 8 + 13*u**2 + 19. Is j(-9) a composite number?
False
Let r be (-1)/4 - 86/8. Suppose -4*k = -135 + 3. Let c = r + k. Is c a composite number?
True
Suppose -28*z + 314561 = -15*z. Is z composite?
False
Let z be 3/(-2)*8/(3/(-3)). Suppose -l - 4*h - 631 = -6*l, -z = 3*h. Is l prime?
False
Let d(n) = n**3 + 14*n**2 + 5*n + 9. Is d(7) a prime number?
False
Let m(h) = 157*h**2 + h - 5. Let j be m(2). Suppose 0 = -5*u + j + 1845. Suppose 1490 = 6*d + u. Is d a composite number?
True
Is (-3)/(-4) - 91130/(-104) a composite number?
False
Suppose -5*g + 5*f + 39600 = 0, 5301 = 3*g + f - 18455. Is g composite?
False
Let b = 19 + -18. Let c(d) = -d**2 - d + 1. Let k(v) = 5*v**2 - 7*v + 7. Let s(t) = b*k(t) - 6*c(t). Is s(2) a composite number?
False
Is (-255)/935 - (-484036)/11 composite?
True
Let z(g) = -636*g**3 - 7*g + 1. Is z(-3) a prime number?
False
Let y be 1/(3 - (-87)/(-30)). Suppose 0 = -20*z + 15*z - y. Is 5 + -2 + z - -786 composite?
False
Suppose 2*w + 2*w + 3*i = 1083, -1088 = -4*w - 4*i. Suppose -g - 61 = 3. Let t = g + w. Is t prime?
False
Let k be (3 - 8)/(4/8). Let a(q) = q**3 + 10*q**2 - 3*q - 13. Let m be a(k). Suppose 25 = 2*u + 5*j - m, -2*j + 21 = u. Is u prime?
False
Let r(j) = 14*j**2 + 3*j - 13. Let h be r(4). Is 1 + 1/1 + (h - 2) composite?
False
Let o(u) = u - 2. Let d be o(-3). Let i = d + 108. Is i prime?
True
Let i(a) = a**3 - 12*a**2 - 8*a - 43. Let w be i(13). Suppose -19*h + w*h = 2019. Is h composite?
False
Let r = -3547 + 11378. Is r a prime number?
False
Let o(i) = 12*i**2 - 22*i - 91. Is o(-15) a composite number?
False
Let q be (-3)/9 - 12044/12. Let z = q - -1681. Is z prime?
True
Let b = 1726 + 15595. Is b prime?
True
Let f(x) = x**3 - x**2 + x - 1. Let c be f(2). Suppose -10*n = -c*n - 5205. Is n composite?
True
Suppose 0 = -3*l - 2*u + 28991,